rime factors of 373063?
373063
What are the prime factors of 9883571?
103, 95957
List the prime factors of 733161.
3, 11, 13, 1709
List the prime factors of 346259.
346259
What are the prime factors of 5457433?
5457433
What are the prime factors of 284369?
284369
List the prime factors of 174965.
5, 7, 4999
What are the prime factors of 2887812?
2, 3, 2971
List the prime factors of 432400.
2, 5, 23, 47
What are the prime factors of 14538032?
2, 908627
List the prime factors of 1664143.
13, 43, 229
What are the prime factors of 157713?
3, 52571
What are the prime factors of 368345?
5, 23, 3203
List the prime factors of 263540.
2, 5, 13177
List the prime factors of 3030245.
5, 606049
List the prime factors of 83489.
7, 11927
List the prime factors of 100256.
2, 13, 241
What are the prime factors of 6288250?
2, 5, 25153
What are the prime factors of 671878?
2, 19, 17681
List the prime factors of 324246.
2, 3, 13, 4157
What are the prime factors of 3215202?
2, 3, 281, 1907
What are the prime factors of 6890654?
2, 19, 149, 1217
List the prime factors of 70392.
2, 3, 7, 419
What are the prime factors of 190298?
2, 17, 29, 193
List the prime factors of 12372850.
2, 5, 7, 23, 29, 53
List the prime factors of 16060345.
5, 7, 29, 15823
What are the prime factors of 11022534?
2, 3, 43, 47, 101
What are the prime factors of 2014722?
2, 3, 19, 43, 137
List the prime factors of 903438.
2, 3, 53, 947
List the prime factors of 159377.
47, 3391
What are the prime factors of 37538652?
2, 3, 17, 184013
What are the prime factors of 4572180?
2, 3, 5, 8467
What are the prime factors of 413500?
2, 5, 827
What are the prime factors of 944252?
2, 236063
What are the prime factors of 2561774?
2, 1280887
What are the prime factors of 202787?
13, 19, 821
List the prime factors of 2209945.
5, 29, 15241
What are the prime factors of 500443?
500443
List the prime factors of 521357.
521357
List the prime factors of 11021555.
5, 829, 2659
What are the prime factors of 209154?
2, 3, 11, 3169
List the prime factors of 3312532.
2, 828133
List the prime factors of 1422628.
2, 17, 20921
List the prime factors of 11799338.
2, 5899669
List the prime factors of 6564054.
2, 3, 7, 373, 419
What are the prime factors of 339504?
2, 3, 11, 643
What are the prime factors of 5826771?
3, 271, 2389
What are the prime factors of 1223367?
3, 407789
List the prime factors of 3219575.
5, 89, 1447
What are the prime factors of 9516856?
2, 1189607
List the prime factors of 3360656.
2, 13, 107, 151
List the prime factors of 4485618.
2, 3, 27689
List the prime factors of 499716.
2, 3, 7, 661
What are the prime factors of 6718425?
3, 5, 7, 67, 191
List the prime factors of 207320.
2, 5, 71, 73
What are the prime factors of 401992?
2, 109, 461
What are the prime factors of 10706841?
3, 1189649
What are the prime factors of 1340041?
1340041
What are the prime factors of 7076836?
2, 13, 136093
What are the prime factors of 962257?
962257
List the prime factors of 90949.
103, 883
List the prime factors of 310252.
2, 77563
What are the prime factors of 89163?
3, 9907
What are the prime factors of 1261312?
2, 13, 379
List the prime factors of 830154.
2, 3, 13, 29, 367
What are the prime factors of 1069125?
3, 5, 2851
What are the prime factors of 276946?
2, 59, 2347
What are the prime factors of 176606?
2, 227, 389
What are the prime factors of 121972?
2, 30493
List the prime factors of 47021.
13, 3617
What are the prime factors of 8358931?
7, 29, 41177
List the prime factors of 269360.
2, 5, 7, 13, 37
What are the prime factors of 361092?
2, 3, 30091
List the prime factors of 531703.
197, 2699
List the prime factors of 1331625.
3, 5, 53, 67
What are the prime factors of 5435271?
3, 603919
List the prime factors of 2590239.
3, 17, 50789
List the prime factors of 1528865.
5, 13, 43, 547
What are the prime factors of 1191439?
1191439
What are the prime factors of 6590197?
31, 212587
List the prime factors of 12442675.
5, 7, 97, 733
List the prime factors of 487008.
2, 3, 19, 89
What are the prime factors of 9432?
2, 3, 131
List the prime factors of 2890336.
2, 41, 2203
What are the prime factors of 409010?
2, 5, 7, 5843
List the prime factors of 1293082.
2, 7, 92363
What are the prime factors of 3487018?
2, 29, 59, 1019
List the prime factors of 27964072.
2, 53, 101, 653
What are the prime factors of 158988?
2, 3, 13249
What are the prime factors of 1575782?
2, 13, 60607
What are the prime factors of 82524?
2, 3, 13, 23
List the prime factors of 7355932.
2, 1838983
List the prime factors of 419623.
419623
List the prime factors of 75823.
11, 61, 113
What are the prime factors of 808859?
103, 7853
What are the prime factors of 1989329?
1989329
List the prime factors of 4435757.
23, 192859
What are the prime factors of 6920487?
3, 7, 109849
List the prime factors of 317062.
2, 47, 3373
List the prime factors of 175535.
5, 35107
What are the prime factors of 218725?
5, 13, 673
What are the prime factors of 1471492?
2, 11, 53, 631
List the prime factors of 706437.
3, 53, 1481
What are the prime factors of 16536585?
3, 5, 13, 137, 619
What are the prime factors of 1374508?
2, 343627
List the prime factors of 872631.
3, 96959
What are the prime factors of 263332?
2, 43, 1531
List the prime factors of 884884.
2, 7, 11, 13, 17
List the prime factors of 2516188.
2, 43, 14629
List the prime factors of 1861172.
2, 465293
List the prime factors of 8198715.
3, 5, 7, 113, 691
What are the prime factors of 2516867?
17, 23, 41, 157
What are the prime factors of 45817615?
5, 67, 136769
What are the prime factors of 252699?
3, 131, 643
What are the prime factors of 185355?
3, 5, 1373
What are the prime factors of 2287654?
2, 757, 1511
What are the prime factors of 70179?
3, 149, 157
List the prime factors of 758639.
7, 108377
List the prime factors of 184703.
184703
What are the prime factors of 3033620?
2, 5, 151681
What are the prime factors of 2792778?
2, 3, 465463
List the prime factors of 6442642.
2, 3221321
List the prime factors of 1730201.
11, 157291
List the prime factors of 239267.
7, 19, 257
What are the prime factors of 451644?
2, 3, 61, 617
List the prime factors of 437287.
437287
What are the prime factors of 717492?
2, 3, 59791
List the prime factors of 1544037.
3, 11, 71, 659
What are the prime factors of 644025?
3, 5, 31, 277
List the prime factors of 338599.
19, 71, 251
List the prime factors of 355904.
2, 67, 83
What are the prime factors of 4709604?
2, 3, 392467
List the prime factors of 13628017.
13, 1048309
List the prime factors of 12211578.
2, 3, 678421
What are the prime factors of 453381?
3, 79, 1913
List the prime factors of 6431059.
59, 109001
List the prime factors of 859144.
2, 11, 13, 751
What are the prime factors of 820587?
3, 523
List the prime factors of 1651293.
3, 7, 8737
List the prime factors of 124236.
2, 3, 7, 17, 29
List the prime factors of 309504.
2, 3, 13, 31
What are the prime factors of 1744613?
13, 67, 2003
List the prime factors of 23871113.
7, 617, 5527
List the prime factors of 1319636.
2, 103, 3203
List the prime factors of 447017.
47, 9511
What are the prime factors of 13115?
5, 43, 61
List the prime factors of 3423383.
3423383
List the prime factors of 10117570.
2, 5, 41, 24677
List the prime factors of 8239261.
8239261
What are the prime factors of 16824133?
919, 18307
What are the prime factors of 15187042?
2, 13, 19, 71, 433
What are the prime factors of 8680683?
3, 11, 23, 11437
List the prime factors of 665912.
2, 13, 19, 337
List the prime factors of 3859718.
2, 277, 6967
What are the prime factors of 31971?
3, 10657
List the prime factors of 4740840.
2, 3, 5, 13, 1013
List the prime factors of 5050616.
2, 23, 27449
What are the prime factors of 4852416?
2, 3, 127, 199
What are the prime factors of 707053?
707053
List the prime factors of 474697.
23, 20639
List the prime factors of 554807.
11, 31, 1627
List the prime factors of 153507.
3, 51169
List the prime factors of 2997687.
3, 7, 11, 19, 683
What are the prime factors of 16446005?
5, 47, 1489
List the prime factors of 2554799.
13, 196523
What are the prime factors of 476534?
2, 238267
List the prime factors of 343338.
2, 3, 57223
List the prime factors of 1903777.
359, 5303
What are the prime factors of 28